{"id":4568,"date":"2024-03-27T14:47:38","date_gmt":"2024-03-27T11:47:38","guid":{"rendered":"https:\/\/izmirkraft.com\/?page_id=4568"},"modified":"2026-02-23T17:14:08","modified_gmt":"2026-02-23T14:14:08","slug":"sirket-tarihi","status":"publish","type":"page","link":"https:\/\/izmirkraft.com\/en\/sirket-tarihi\/","title":{"rendered":"History"},"content":{"rendered":"<div data-elementor-type=\"wp-page\" data-elementor-id=\"4568\" class=\"elementor elementor-4568\">\n\t\t\t\t\t\t<section class=\"elementor-section elementor-top-section elementor-element elementor-element-afd4382 elementor-section-boxed elementor-section-height-default elementor-section-height-default rt-parallax-bg-no\" data-id=\"afd4382\" data-element_type=\"section\">\n\t\t\t\t\t\t<div class=\"elementor-container elementor-column-gap-default\">\n\t\t\t\t\t<div class=\"elementor-column elementor-col-50 elementor-top-column elementor-element elementor-element-75053d4\" data-id=\"75053d4\" data-element_type=\"column\">\n\t\t\t<div class=\"elementor-widget-wrap elementor-element-populated\">\n\t\t\t\t\t\t<div class=\"elementor-element elementor-element-7048e59 elementor-invisible elementor-widget elementor-widget-rt-title-with-text\" data-id=\"7048e59\" data-element_type=\"widget\" data-widget_type=\"rt-title-with-text.default\">\n\t\t\t\t<div class=\"elementor-widget-container\">\n\t\t\t<div class=\"rt-title-text has-animation title-text-style1\">\n\t\t\t<div class=\"entry-subtitle hide fadeInUp\" data-wow-delay=\"0.2s\" data-wow-duration=\"1.2s\">\u0130ZM\u0130R KRAFT<span class=\"line\"><\/span><\/div>\n\t\t\t\t<h2 class=\"entry-title hide fadeInUp\" data-wow-delay=\"0.4s\" data-wow-duration=\"1.2s\">History<\/h2>\t\t\n\t\t\n\t<div class=\"entry-content hide fadeInUp\" data-wow-delay=\"0.6s\" data-wow-duration=\"1.2s\"><p class=\"translation-block\">Our Company was established in <strong>1996 <\/strong> under the name Ege Kraft and with one production line.<\/p><p class=\"p1\"><strong>2005<\/strong> the second production line was put into operation.<\/p><p><strong>2007<\/strong> it was acquired by Segezha Group.\u00a0<\/p><p><strong>2016<\/strong> an investment was made in an 8-color flexo printing machine.<\/p><p><strong>2020<\/strong> ERP software was put into operation.\u00a0<\/p><p><strong>2022<\/strong> a second 8-color flexo printing machine investment was made.<\/p><p><strong>2023<\/strong> Operational Excellence (OpEx) activities started.<\/p><p><strong>2023<\/strong> it was acquired by AIP (Advanced Industries Group Sarl) and the company name became Advanced Industries Amb. San.ve Tic. A.\u015e.<\/p><p><strong>2024<\/strong> y\u0131l\u0131nda, Karitex taraf\u0131ndan sat\u0131n al\u0131nd\u0131 ve \u015firket ismi <b>April 2024 <\/b>.<span class=\"Apple-converted-space\">\u00a0\u00a0<\/span><b>\u0130zmir Kraft Torba Ambalaj San.ve Tic. A.\u015e. <\/b>oldu.<\/p><p><strong>Ocak 2026<\/strong>, Pera Paper Ticaret Ltd. \u015eti. taraf\u0131ndan sat\u0131n al\u0131nd\u0131.<\/p><p class=\"p1\">As \u0130zmir Kraft Torba Ambalaj, our commitment to customers, reliability and passion for producing quality products continue in a sustainable manner.<\/p><\/div>\n\n\t<\/div>\t\t<\/div>\n\t\t\t\t<\/div>\n\t\t\t\t\t<\/div>\n\t\t<\/div>\n\t\t\t\t<div class=\"elementor-column elementor-col-50 elementor-top-column elementor-element elementor-element-6d7447d\" data-id=\"6d7447d\" data-element_type=\"column\">\n\t\t\t<div class=\"elementor-widget-wrap elementor-element-populated\">\n\t\t\t\t\t\t<div class=\"elementor-element elementor-element-934bd18 responsive-image-fit elementor-widget elementor-widget-image\" data-id=\"934bd18\" data-element_type=\"widget\" data-widget_type=\"image.default\">\n\t\t\t\t<div class=\"elementor-widget-container\">\n\t\t\t\t\t\t\t\t\t\t\t\t\t<img fetchpriority=\"high\" decoding=\"async\" width=\"1762\" height=\"1706\" src=\"https:\/\/izmirkraft.com\/wp-content\/uploads\/2024\/03\/GH0A0919-scaled-e1711540971477.jpg\" class=\"attachment-full size-full wp-image-4575\" alt=\"\" srcset=\"https:\/\/izmirkraft.com\/wp-content\/uploads\/2024\/03\/GH0A0919-scaled-e1711540971477.jpg 1762w, https:\/\/izmirkraft.com\/wp-content\/uploads\/2024\/03\/GH0A0919-scaled-e1711540971477-300x290.jpg 300w, https:\/\/izmirkraft.com\/wp-content\/uploads\/2024\/03\/GH0A0919-scaled-e1711540971477-1024x991.jpg 1024w, https:\/\/izmirkraft.com\/wp-content\/uploads\/2024\/03\/GH0A0919-scaled-e1711540971477-768x744.jpg 768w, https:\/\/izmirkraft.com\/wp-content\/uploads\/2024\/03\/GH0A0919-scaled-e1711540971477-1536x1487.jpg 1536w, https:\/\/izmirkraft.com\/wp-content\/uploads\/2024\/03\/GH0A0919-scaled-e1711540971477-12x12.jpg 12w, https:\/\/izmirkraft.com\/wp-content\/uploads\/2024\/03\/GH0A0919-scaled-e1711540971477-600x581.jpg 600w\" sizes=\"(max-width: 1762px) 100vw, 1762px\" \/>\t\t\t\t\t\t\t\t\t\t\t\t\t<\/div>\n\t\t\t\t<\/div>\n\t\t\t\t\t<\/div>\n\t\t<\/div>\n\t\t\t\t\t<\/div>\n\t\t<\/section>\n\t\t\t\t<\/div>","protected":false},"excerpt":{"rendered":"<p>\u0130ZM\u0130R KRAFT Tarih\u00e7e \u015eirketimiz, 1996 y\u0131l\u0131nda Ege Kraft ad\u0131yla ve bir \u00fcretim hatt\u0131yla \u0130zmir de kuruldu. 2005 y\u0131l\u0131nda, ikinci \u00fcretim hatt\u0131 devreye al\u0131nd\u0131. 2007 y\u0131l\u0131nda, Segezha Group taraf\u0131ndan sat\u0131n al\u0131nd\u0131.\u00a0 2016 y\u0131l\u0131nda, 8 renkli flexo bask\u0131 makinesi yat\u0131r\u0131m\u0131 yap\u0131ld\u0131. 2020 y\u0131l\u0131nda, ERP yaz\u0131l\u0131m\u0131 devreye al\u0131nd\u0131.\u00a0 2022 y\u0131l\u0131nda, \u0130kinci 8 renkli flexo bask\u0131 makinesi yat\u0131r\u0131m\u0131 yap\u0131ld\u0131. [&hellip;]<\/p>","protected":false},"author":1,"featured_media":0,"parent":0,"menu_order":0,"comment_status":"closed","ping_status":"closed","template":"elementor_header_footer","meta":{"footnotes":""},"_links":{"self":[{"href":"https:\/\/izmirkraft.com\/en\/wp-json\/wp\/v2\/pages\/4568"}],"collection":[{"href":"https:\/\/izmirkraft.com\/en\/wp-json\/wp\/v2\/pages"}],"about":[{"href":"https:\/\/izmirkraft.com\/en\/wp-json\/wp\/v2\/types\/page"}],"author":[{"embeddable":true,"href":"https:\/\/izmirkraft.com\/en\/wp-json\/wp\/v2\/users\/1"}],"replies":[{"embeddable":true,"href":"https:\/\/izmirkraft.com\/en\/wp-json\/wp\/v2\/comments?post=4568"}],"version-history":[{"count":31,"href":"https:\/\/izmirkraft.com\/en\/wp-json\/wp\/v2\/pages\/4568\/revisions"}],"predecessor-version":[{"id":5411,"href":"https:\/\/izmirkraft.com\/en\/wp-json\/wp\/v2\/pages\/4568\/revisions\/5411"}],"wp:attachment":[{"href":"https:\/\/izmirkraft.com\/en\/wp-json\/wp\/v2\/media?parent=4568"}],"curies":[{"name":"wp","href":"https:\/\/api.w.org\/{rel}","templated":true}]}}

<div data-elementor-type="wp-page" data-elementor-id="4568" class="elementor elementor-4568">
						<section class="elementor-section elementor-top-section elementor-element elementor-element-afd4382 elementor-section-boxed elementor-section-height-default elementor-section-height-default rt-parallax-bg-no" data-id="afd4382" data-element_type="section">
						<div class="elementor-container elementor-column-gap-default">
					<div class="elementor-column elementor-col-50 elementor-top-column elementor-element elementor-element-75053d4" data-id="75053d4" data-element_type="column">
			<div class="elementor-widget-wrap elementor-element-populated">
						<div class="elementor-element elementor-element-7048e59 elementor-invisible elementor-widget elementor-widget-rt-title-with-text" data-id="7048e59" data-element_type="widget" data-widget_type="rt-title-with-text.default">
				<div class="elementor-widget-container">
			<div class="rt-title-text has-animation title-text-style1">
			<div class="entry-subtitle hide fadeInUp" data-wow-delay="0.2s" data-wow-duration="1.2s">İZMİR KRAFT<span class="line"></span></div>
				<h2 class="entry-title hide fadeInUp" data-wow-delay="0.4s" data-wow-duration="1.2s">History</h2>		
		
	<div class="entry-content hide fadeInUp" data-wow-delay="0.6s" data-wow-duration="1.2s"><p class="translation-block">Our Company was established in <strong>1996 </strong> under the name Ege Kraft and with one production line.</p><p class="p1"><strong>2005</strong> the second production line was put into operation.</p><p><strong>2007</strong> it was acquired by Segezha Group. </p><p><strong>2016</strong> an investment was made in an 8-color flexo printing machine.</p><p><strong>2020</strong> ERP software was put into operation. </p><p><strong>2022</strong> a second 8-color flexo printing machine investment was made.</p><p><strong>2023</strong> Operational Excellence (OpEx) activities started.</p><p><strong>2023</strong> it was acquired by AIP (Advanced Industries Group Sarl) and the company name became Advanced Industries Amb. San.ve Tic. A.Ş.</p><p><strong>2024</strong> yılında, Karitex tarafından satın alındı ve şirket ismi <b>April 2024 </b>.<span class="Apple-converted-space">  </span><b>İzmir Kraft Torba Ambalaj San.ve Tic. A.Ş. </b>oldu.</p><p><strong>Ocak 2026</strong>, Pera Paper Ticaret Ltd. Şti. tarafından satın alındı.</p><p class="p1">As İzmir Kraft Torba Ambalaj, our commitment to customers, reliability and passion for producing quality products continue in a sustainable manner.</p></div>

	</div>		</div>
				</div>
					</div>
		</div>
				<div class="elementor-column elementor-col-50 elementor-top-column elementor-element elementor-element-6d7447d" data-id="6d7447d" data-element_type="column">
			<div class="elementor-widget-wrap elementor-element-populated">
						<div class="elementor-element elementor-element-934bd18 responsive-image-fit elementor-widget elementor-widget-image" data-id="934bd18" data-element_type="widget" data-widget_type="image.default">
				<div class="elementor-widget-container">
													<img fetchpriority="high" decoding="async" width="1762" height="1706" src="https://izmirkraft.com/wp-content/uploads/2024/03/GH0A0919-scaled-e1711540971477.jpg" class="attachment-full size-full wp-image-4575" alt="" srcset="https://izmirkraft.com/wp-content/uploads/2024/03/GH0A0919-scaled-e1711540971477.jpg 1762w, https://izmirkraft.com/wp-content/uploads/2024/03/GH0A0919-scaled-e1711540971477-300x290.jpg 300w, https://izmirkraft.com/wp-content/uploads/2024/03/GH0A0919-scaled-e1711540971477-1024x991.jpg 1024w, https://izmirkraft.com/wp-content/uploads/2024/03/GH0A0919-scaled-e1711540971477-768x744.jpg 768w, https://izmirkraft.com/wp-content/uploads/2024/03/GH0A0919-scaled-e1711540971477-1536x1487.jpg 1536w, https://izmirkraft.com/wp-content/uploads/2024/03/GH0A0919-scaled-e1711540971477-12x12.jpg 12w, https://izmirkraft.com/wp-content/uploads/2024/03/GH0A0919-scaled-e1711540971477-600x581.jpg 600w" sizes="(max-width: 1762px) 100vw, 1762px" />													</div>
				</div>
					</div>
		</div>
					</div>
		</section>
				</div>

<p>İZMİR KRAFT Tarihçe Şirketimiz, 1996 yılında Ege Kraft adıyla ve bir üretim hattıyla İzmir de kuruldu. 2005 yılında, ikinci üretim hattı devreye alındı. 2007 yılında, Segezha Group tarafından satın alındı.  2016 yılında, 8 renkli flexo baskı makinesi yatırımı yapıldı. 2020 yılında, ERP yazılımı devreye alındı.  2022 yılında, İkinci 8 renkli flexo baskı makinesi yatırımı yapıldı. [&hellip;]</p>
