{"id":5198,"date":"2024-07-23T18:20:07","date_gmt":"2024-07-23T15:20:07","guid":{"rendered":"https:\/\/izmirkraft.com\/?page_id=5198"},"modified":"2024-10-17T17:03:22","modified_gmt":"2024-10-17T14:03:22","slug":"isg-politikamiz","status":"publish","type":"page","link":"https:\/\/izmirkraft.com\/en\/isg-politikamiz\/","title":{"rendered":"Health and Safety Policy"},"content":{"rendered":"<div data-elementor-type=\"wp-page\" data-elementor-id=\"5198\" class=\"elementor elementor-5198\">\n\t\t\t\t\t\t<section class=\"elementor-section elementor-top-section elementor-element elementor-element-afd4382 elementor-section-boxed elementor-section-height-default elementor-section-height-default rt-parallax-bg-no\" data-id=\"afd4382\" data-element_type=\"section\">\n\t\t\t\t\t\t<div class=\"elementor-container elementor-column-gap-default\">\n\t\t\t\t\t<div class=\"elementor-column elementor-col-100 elementor-top-column elementor-element elementor-element-75053d4\" data-id=\"75053d4\" data-element_type=\"column\">\n\t\t\t<div class=\"elementor-widget-wrap elementor-element-populated\">\n\t\t\t\t\t\t<div class=\"elementor-element elementor-element-7048e59 elementor-invisible elementor-widget elementor-widget-rt-title-with-text\" data-id=\"7048e59\" data-element_type=\"widget\" data-widget_type=\"rt-title-with-text.default\">\n\t\t\t\t<div class=\"elementor-widget-container\">\n\t\t\t<div class=\"rt-title-text has-animation title-text-style1\">\n\t\t\t<div class=\"entry-subtitle hide fadeInUp\" data-wow-delay=\"0.2s\" data-wow-duration=\"1.2s\">\u0130ZM\u0130R KRAFT<span class=\"line\"><\/span><\/div>\n\t\t\t\t<h4 class=\"entry-title hide fadeInUp\" data-wow-delay=\"0.4s\" data-wow-duration=\"1.2s\">Health and Safety Policy<\/h4>\t\t\n\t\t\n\t<div class=\"entry-content hide fadeInUp\" data-wow-delay=\"0.6s\" data-wow-duration=\"1.2s\"><p class=\"p1\">As \u0130zmir Kraft Torba Ambalaj; our first priority is to provide all necessary trainings regarding occupational health and safety to all our employees, to provide a suitable working environment, to stand out in this regard in our region, to increase participation and awareness, to evaluate all risks that may arise from the working environment and reduce them to an acceptable risk level,\nto provide the standards determined by all laws and regulations regarding occupational health and safety, to fulfill compliance obligations, to eliminate or minimize risks for employees and related parties who may be exposed to occupational health and safety risks, to be structured in a way that can intervene in emergencies, to ensure that our employees are aware of their individual Occupational Health and Safety responsibilities by providing the necessary trainings and ensuring that they are conscious and aware.<br \/>\"           \"<\/p><\/div>\n\n\t<\/div>\t\t<\/div>\n\t\t\t\t<\/div>\n\t\t\t\t\t<\/div>\n\t\t<\/div>\n\t\t\t\t\t<\/div>\n\t\t<\/section>\n\t\t\t\t<section class=\"elementor-section elementor-top-section elementor-element elementor-element-f565022 elementor-section-boxed elementor-section-height-default elementor-section-height-default rt-parallax-bg-no\" data-id=\"f565022\" data-element_type=\"section\">\n\t\t\t\t\t\t<div class=\"elementor-container elementor-column-gap-default\">\n\t\t\t\t\t<div class=\"elementor-column elementor-col-100 elementor-top-column elementor-element elementor-element-b6536f4\" data-id=\"b6536f4\" data-element_type=\"column\">\n\t\t\t<div class=\"elementor-widget-wrap elementor-element-populated\">\n\t\t\t\t\t\t<div class=\"elementor-element elementor-element-736dac9 elementor-widget elementor-widget-image\" data-id=\"736dac9\" data-element_type=\"widget\" data-widget_type=\"image.default\">\n\t\t\t\t<div class=\"elementor-widget-container\">\n\t\t\t\t\t\t\t\t\t\t\t\t\t<img fetchpriority=\"high\" decoding=\"async\" width=\"1024\" height=\"540\" src=\"https:\/\/izmirkraft.com\/wp-content\/uploads\/2024\/10\/9-altin-kural-1024x540.png\" class=\"attachment-large size-large wp-image-5353\" alt=\"\" srcset=\"https:\/\/izmirkraft.com\/wp-content\/uploads\/2024\/10\/9-altin-kural-1024x540.png 1024w, https:\/\/izmirkraft.com\/wp-content\/uploads\/2024\/10\/9-altin-kural-300x158.png 300w, https:\/\/izmirkraft.com\/wp-content\/uploads\/2024\/10\/9-altin-kural-768x405.png 768w, https:\/\/izmirkraft.com\/wp-content\/uploads\/2024\/10\/9-altin-kural-18x9.png 18w, https:\/\/izmirkraft.com\/wp-content\/uploads\/2024\/10\/9-altin-kural-600x317.png 600w, https:\/\/izmirkraft.com\/wp-content\/uploads\/2024\/10\/9-altin-kural.png 1395w\" sizes=\"(max-width: 1024px) 100vw, 1024px\" \/>\t\t\t\t\t\t\t\t\t\t\t\t\t<\/div>\n\t\t\t\t<\/div>\n\t\t\t\t\t<\/div>\n\t\t<\/div>\n\t\t\t\t\t<\/div>\n\t\t<\/section>\n\t\t\t\t<section class=\"elementor-section elementor-top-section elementor-element elementor-element-5d23b5a elementor-section-boxed elementor-section-height-default elementor-section-height-default rt-parallax-bg-no\" data-id=\"5d23b5a\" data-element_type=\"section\">\n\t\t\t\t\t\t<div class=\"elementor-container elementor-column-gap-default\">\n\t\t\t\t\t<div class=\"elementor-column elementor-col-100 elementor-top-column elementor-element elementor-element-ee6126a\" data-id=\"ee6126a\" data-element_type=\"column\">\n\t\t\t<div class=\"elementor-widget-wrap elementor-element-populated\">\n\t\t\t\t\t\t<div class=\"elementor-element elementor-element-2b665b2 elementor-widget elementor-widget-spacer\" data-id=\"2b665b2\" data-element_type=\"widget\" data-widget_type=\"spacer.default\">\n\t\t\t\t<div class=\"elementor-widget-container\">\n\t\t\t\t\t<div class=\"elementor-spacer\">\n\t\t\t<div class=\"elementor-spacer-inner\"><\/div>\n\t\t<\/div>\n\t\t\t\t<\/div>\n\t\t\t\t<\/div>\n\t\t\t\t\t<\/div>\n\t\t<\/div>\n\t\t\t\t\t<\/div>\n\t\t<\/section>\n\t\t\t\t<\/div>","protected":false},"excerpt":{"rendered":"<p>\u0130ZM\u0130R KRAFT \u0130\u015f Sa\u011fl\u0131\u011f\u0131 ve G\u00fcvenli\u011fi Politikam\u0131z \u0130zmir Kraft Torba Ambalaj olarak; t\u00fcm \u00e7al\u0131\u015fanlar\u0131m\u0131za i\u015f sa\u011fl\u0131\u011f\u0131 g\u00fcvenli\u011fi ile ilgili gerekli t\u00fcm e\u011fitimleri vermek, uygun \u00e7al\u0131\u015fma ortam\u0131n\u0131 sa\u011flamak, b\u00f6lgemizde bu konuda \u00f6ne \u00e7\u0131kmak, kat\u0131l\u0131mc\u0131l\u0131\u011f\u0131 ve bilinci art\u0131rmak, \u00e7al\u0131\u015fma ortam\u0131ndan kaynaklanabilecek t\u00fcm riskleri de\u011ferlendirerek kabul edilebilir risk seviyesine indirmek,i\u015f\u00e7i sa\u011fl\u0131\u011f\u0131, i\u015f g\u00fcvenli\u011fi ile ilgili t\u00fcm yasa ve [&hellip;]<\/p>","protected":false},"author":1,"featured_media":1793,"parent":0,"menu_order":0,"comment_status":"closed","ping_status":"closed","template":"elementor_header_footer","meta":{"footnotes":""},"_links":{"self":[{"href":"https:\/\/izmirkraft.com\/en\/wp-json\/wp\/v2\/pages\/5198"}],"collection":[{"href":"https:\/\/izmirkraft.com\/en\/wp-json\/wp\/v2\/pages"}],"about":[{"href":"https:\/\/izmirkraft.com\/en\/wp-json\/wp\/v2\/types\/page"}],"author":[{"embeddable":true,"href":"https:\/\/izmirkraft.com\/en\/wp-json\/wp\/v2\/users\/1"}],"replies":[{"embeddable":true,"href":"https:\/\/izmirkraft.com\/en\/wp-json\/wp\/v2\/comments?post=5198"}],"version-history":[{"count":16,"href":"https:\/\/izmirkraft.com\/en\/wp-json\/wp\/v2\/pages\/5198\/revisions"}],"predecessor-version":[{"id":5359,"href":"https:\/\/izmirkraft.com\/en\/wp-json\/wp\/v2\/pages\/5198\/revisions\/5359"}],"wp:featuredmedia":[{"embeddable":true,"href":"https:\/\/izmirkraft.com\/en\/wp-json\/wp\/v2\/media\/1793"}],"wp:attachment":[{"href":"https:\/\/izmirkraft.com\/en\/wp-json\/wp\/v2\/media?parent=5198"}],"curies":[{"name":"wp","href":"https:\/\/api.w.org\/{rel}","templated":true}]}}

<div data-elementor-type="wp-page" data-elementor-id="5198" class="elementor elementor-5198">
						<section class="elementor-section elementor-top-section elementor-element elementor-element-afd4382 elementor-section-boxed elementor-section-height-default elementor-section-height-default rt-parallax-bg-no" data-id="afd4382" data-element_type="section">
						<div class="elementor-container elementor-column-gap-default">
					<div class="elementor-column elementor-col-100 elementor-top-column elementor-element elementor-element-75053d4" data-id="75053d4" data-element_type="column">
			<div class="elementor-widget-wrap elementor-element-populated">
						<div class="elementor-element elementor-element-7048e59 elementor-invisible elementor-widget elementor-widget-rt-title-with-text" data-id="7048e59" data-element_type="widget" data-widget_type="rt-title-with-text.default">
				<div class="elementor-widget-container">
			<div class="rt-title-text has-animation title-text-style1">
			<div class="entry-subtitle hide fadeInUp" data-wow-delay="0.2s" data-wow-duration="1.2s">İZMİR KRAFT<span class="line"></span></div>
				<h4 class="entry-title hide fadeInUp" data-wow-delay="0.4s" data-wow-duration="1.2s">Health and Safety Policy</h4>		
		
	<div class="entry-content hide fadeInUp" data-wow-delay="0.6s" data-wow-duration="1.2s"><p class="p1">As İzmir Kraft Torba Ambalaj; our first priority is to provide all necessary trainings regarding occupational health and safety to all our employees, to provide a suitable working environment, to stand out in this regard in our region, to increase participation and awareness, to evaluate all risks that may arise from the working environment and reduce them to an acceptable risk level,
to provide the standards determined by all laws and regulations regarding occupational health and safety, to fulfill compliance obligations, to eliminate or minimize risks for employees and related parties who may be exposed to occupational health and safety risks, to be structured in a way that can intervene in emergencies, to ensure that our employees are aware of their individual Occupational Health and Safety responsibilities by providing the necessary trainings and ensuring that they are conscious and aware.<br />"           "</p></div>

	</div>		</div>
				</div>
					</div>
		</div>
					</div>
		</section>
				<section class="elementor-section elementor-top-section elementor-element elementor-element-f565022 elementor-section-boxed elementor-section-height-default elementor-section-height-default rt-parallax-bg-no" data-id="f565022" data-element_type="section">
						<div class="elementor-container elementor-column-gap-default">
					<div class="elementor-column elementor-col-100 elementor-top-column elementor-element elementor-element-b6536f4" data-id="b6536f4" data-element_type="column">
			<div class="elementor-widget-wrap elementor-element-populated">
						<div class="elementor-element elementor-element-736dac9 elementor-widget elementor-widget-image" data-id="736dac9" data-element_type="widget" data-widget_type="image.default">
				<div class="elementor-widget-container">
													<img fetchpriority="high" decoding="async" width="1024" height="540" src="https://izmirkraft.com/wp-content/uploads/2024/10/9-altin-kural-1024x540.png" class="attachment-large size-large wp-image-5353" alt="" srcset="https://izmirkraft.com/wp-content/uploads/2024/10/9-altin-kural-1024x540.png 1024w, https://izmirkraft.com/wp-content/uploads/2024/10/9-altin-kural-300x158.png 300w, https://izmirkraft.com/wp-content/uploads/2024/10/9-altin-kural-768x405.png 768w, https://izmirkraft.com/wp-content/uploads/2024/10/9-altin-kural-18x9.png 18w, https://izmirkraft.com/wp-content/uploads/2024/10/9-altin-kural-600x317.png 600w, https://izmirkraft.com/wp-content/uploads/2024/10/9-altin-kural.png 1395w" sizes="(max-width: 1024px) 100vw, 1024px" />													</div>
				</div>
					</div>
		</div>
					</div>
		</section>
				<section class="elementor-section elementor-top-section elementor-element elementor-element-5d23b5a elementor-section-boxed elementor-section-height-default elementor-section-height-default rt-parallax-bg-no" data-id="5d23b5a" data-element_type="section">
						<div class="elementor-container elementor-column-gap-default">
					<div class="elementor-column elementor-col-100 elementor-top-column elementor-element elementor-element-ee6126a" data-id="ee6126a" data-element_type="column">
			<div class="elementor-widget-wrap elementor-element-populated">
						<div class="elementor-element elementor-element-2b665b2 elementor-widget elementor-widget-spacer" data-id="2b665b2" data-element_type="widget" data-widget_type="spacer.default">
				<div class="elementor-widget-container">
					<div class="elementor-spacer">
			<div class="elementor-spacer-inner"></div>
		</div>
				</div>
				</div>
					</div>
		</div>
					</div>
		</section>
				</div>

<p>İZMİR KRAFT İş Sağlığı ve Güvenliği Politikamız İzmir Kraft Torba Ambalaj olarak; tüm çalışanlarımıza iş sağlığı güvenliği ile ilgili gerekli tüm eğitimleri vermek, uygun çalışma ortamını sağlamak, bölgemizde bu konuda öne çıkmak, katılımcılığı ve bilinci artırmak, çalışma ortamından kaynaklanabilecek tüm riskleri değerlendirerek kabul edilebilir risk seviyesine indirmek,işçi sağlığı, iş güvenliği ile ilgili tüm yasa ve [&hellip;]</p>
